der when v is divided by 12?
10
Suppose -3*p = -5*p + 110. What is the remainder when p is divided by 14?
13
Let g(y) = -y**3 + 6*y**2 + 5*y + 3. Suppose -4*j = -8, -23 = -7*b + 2*b + j. Let n be g(b). Let c = n - 38. What is the remainder when 28 is divided by c?
13
Suppose 0*j + 8 = 2*i + 3*j, 0 = -i - 3*j + 4. Suppose 0 = i*w - 7 - 5. Suppose w*n - 6 - 3 = 0. Calculate the remainder when 8 is divided by n.
2
Let t = -24 + 9. Calculate the remainder when (-565)/t + (-4)/6 is divided by 13.
11
Suppose 0 = 5*l - 2*l - 5*j - 51, -4*j = -4*l + 60. What is the remainder when 59 is divided by l?
11
Let v = 4 - 1. Let p = v + 3. What is the remainder when 29 is divided by (-36)/8*(-20)/p?
14
Suppose 5*u + 4*c = -0*u + 60, 2*c = -u + 18. Suppose 4*m = u - 0. Suppose -m*f = 1 - 9. What is the remainder when 6 is divided by f?
2
Let g(v) = -v + 1. Let h(t) = 11*t - 8. Let s(p) = -4*g(p) - h(p). Suppose 15 = -3*r, 8 - 1 = 3*w + 4*r. Calculate the remainder when s(-3) is divided by w.
7
Let j(z) = -z - 3. Let b be j(6). Let h = b - -12. Suppose 0*f + f = h. What is the remainder when f is divided by 2?
1
Suppose -2*l + 2*y = -4*l + 22, 4*y = -2*l + 16. Calculate the remainder when l is divided by 5.
4
Suppose 142 = 3*n + 25. What is the remainder when 194 is divided by n?
38
Suppose 5*l = 89 - 24. Let i(j) = 3*j. Let d be i(1). Suppose 2*w - 11 + d = 0. Calculate the remainder when l is divided by w.
1
Let y(m) = -m**2 - 17*m - 23. Calculate the remainder when y(-15) is divided by 7.
0
Let g = 19 + -45. Let t(d) = 2*d**3 - d**2 - d - 5. Calculate the remainder when t(3) is divided by (2/(-4))/(1/g).
11
Suppose -v - 12 = -5*v. Let h be (3/((-6)/(-2)))/1. Calculate the remainder when 7 is divided by v + (-2 + h)/(-1).
3
Let t(f) = -5*f - 1. Let y be t(3). Let n = y - -38. Calculate the remainder when n is divided by 12.
10
Let m be ((-280)/12)/((-2)/21). Suppose a = 6*a - m. Calculate the remainder when a is divided by 13.
10
Let m(p) = p**3 - 9*p**2 + 6. Let z be m(9). Suppose -3*a + 46 = n - z*n, 2*n - 30 = -a. What is the remainder when a is divided by 12?
10
Let q = -1 - -14. Let a(u) = -7*u + 4. What is the remainder when a(-3) is divided by q?
12
Suppose 2*c - 4*c = -4, -5*c = -3*k - 7. What is the remainder when 3 is divided by k?
0
Let r(i) = i**2 - 4*i + 7. Calculate the remainder when r(6) is divided by 42/4 + 2/(-4).
9
Let k(n) = n**2 + 2. Calculate the remainder when 42 is divided by k(-3).
9
Let q = 68 + -46. Let c(d) = -7*d**2 - 8*d - 1. Let j(h) = 3*h**2 + 4*h + 1. Let t(r) = 2*c(r) + 5*j(r). Calculate the remainder when q is divided by t(-5).
6
Let k(h) = 8*h - 1. Let j be k(2). Suppose 0 = -5*x + j + 5. Suppose 0 = x*a - 5 - 15. What is the remainder when a is divided by 2?
1
Calculate the remainder when 4 - (-5)/(-10)*-114 is divided by 18.
7
Let n = -7 - -13. Suppose 5*o - 34 = n. Let z(i) = i**2 + 8*i - 12. Calculate the remainder when z(-11) is divided by o.
5
Suppose 0 = -3*h - 2*m + 152, 2*h - 6*h = -m - 188. What is the remainder when h is divided by 18?
12
Let m = -8 + 17. Suppose -2*r = r - m. Suppose r*p + i - 20 = 10, 3*i = -5*p + 54. What is the remainder when 16 is divided by p?
7
Let d = -39 + 72. What is the remainder when d is divided by 21?
12
Suppose -4*t + 11 = 3. Calculate the remainder when 6*(9/2 - t) is divided by 8.
7
Let g = -59 + 110. Suppose -3*p + 10 - 46 = 0. Let a = 25 + p. Calculate the remainder when g is divided by a.
12
Suppose 2*m + u = 80, 3*m + 0*u - 109 = 4*u. Let d = 16 + 5. What is the remainder when m is divided by d?
18
Let s(j) = j**3 - j**2 - 5*j + 7. What is the remainder when 17 is divided by s(3)?
7
Let o(h) = -h + 17. What is the remainder when o(4) is divided by 8?
5
Suppose -3*l - 3*g + 46 + 35 = 0, 2*l + 4*g = 60. Suppose -o + 54 = -r - 3*r, 260 = 4*o - 5*r. Calculate the remainder when o is divided by l.
22
Let u(i) be the first derivative of -i**4/4 - 5*i**3/3 - 2*i**2 + 3*i - 2. Let v be u(-5). Let d = -8 + v. What is the remainder when 43 is divided by d?
13
Let w(n) = -n**3 + 2*n**2 + n + 1. Let t be w(2). Suppose -t - 15 = -3*x. Let l = 19 - 2. Calculate the remainder when l is divided by x.
5
Let j = -33 + 61. Calculate the remainder when 54 is divided by j.
26
Let h(y) = -6*y - 28. What is the remainder when 75 is divided by h(-9)?
23
Suppose 5*g - 68 = 4*g. Calculate the remainder when g is divided by 14.
12
Let i(t) = -t**2 + 2. Let l be i(-4). Let o = l - -6. Let x(h) = -h**2 - 10*h + 9. Calculate the remainder when x(o) is divided by 9.
7
Let o = 1416 + -690. Calculate the remainder when 1/2 + o/12 is divided by 16.
13
Suppose 18 = -3*n + 51. Let t = 9 + n. What is the remainder when 39 is divided by t?
19
Let n = -8 - -22. Suppose 3*o + 20 - 8 = 0. Let x(u) = -14*u - 2. Calculate the remainder when x(o) is divided by n.
12
Calculate the remainder when 13 is divided by (-2)/6 + (-80)/(-24).
1
Let a be 7/14 + 10/4. Let m = 13 - a. Suppose -f - 2 = -m. What is the remainder when 23 is divided by f?
7
Suppose -2*m + 0*m + 12 = 0. Let p(l) = -l**2 + 9*l - 3. What is the remainder when p(m) is divided by 8?
7
Let a = 6 - 3. Suppose 5*j - 2*b - 69 = 0, 3*b - 49 = -a*j - 16. Calculate the remainder when 37 is divided by j.
11
Let k = -9 - -24. Suppose 0 = -3*o + k, 1 = 2*r - 6*o + 3*o. Suppose -3*s - 55 = -r*s + 3*g, 4*g = -2*s - 4. What is the remainder when 22 is divided by s?
6
Let d(i) = -i**2 + i + 50. Let y be d(0). Let o = y - -77. Calculate the remainder when o is divided by 32.
31
Let z = 4 + -1. Suppose 3*l - 6 = -3*c, -z*c - 34 = -2*l - 3*l. Let u = c + 4. What is the remainder when 2 is divided by u?
0
Let o(a) = -6*a - 22. Calculate the remainder when 67 is divided by o(-6).
11
Let g = 3 + -1. Suppose -g*w = 4*a + a - 95, -w + 5 = 0. What is the remainder when 32 is divided by a?
15
Let k = -20 - -28. Calculate the remainder when k is divided by 435/135 - (-4)/(-18).
2
Suppose -3*p - 12 = 0, -5*p = -4*x - 0 + 36. What is the remainder when 15 is divided by x?
3
Let v(l) = 50*l - 32. What is the remainder when v(4) is divided by 43?
39
Suppose 5*j - 3 = 2. Suppose 2*g - 4 + 12 = 0, 0 = -q - 4*g - 4. Calculate the remainder when ((107 - 2)/3)/j is divided by q.
11
Let t be ((-15)/(-6) + -2)*2. Let m be 0*t/3*3. Suppose m = -d + 2*d - 13. What is the remainder when 24 is divided by d?
11
Suppose -16 = -4*t, 3*t - 2*t = -5*j + 64. What is the remainder when 21 is divided by j?
9
Calculate the remainder when 87/(-27) - -3 - (-640)/45 is divided by 3.
2
Let u(i) = i**3 - 6*i**2 - 3. What is the remainder when u(7) is divided by -1*1 - (-2)/(12/78)?
10
Suppose 4*a - 14 = x, -x + 6*x = -a + 14. Let m(d) = d**3 + 5*d**2 - 9*d - 7. Let l = -15 + 9. What is the remainder when m(l) is divided by a?
3
Suppose 4*k - 4*s = -8, 10 = 3*k - 3*s + 4*s. Suppose 0 = -0*g - k*g + 8. What is the remainder when 7 is divided by g?
3
Let n(p) = p**2 - 4*p - 46. Calculate the remainder when n(-9) is divided by 37.
34
Suppose 3*d + 8*d = 264. Calculate the remainder when d is divided by 14.
10
Let q = 62 + -44. What is the remainder when 51 is divided by q?
15
Let n = -6 + 20. Suppose 2*c = -c + 9. Suppose -250 = -5*p + c*u, 0 = -p - 2*p - 3*u + 174. Calculate the remainder when p is divided by n.
11
Let o = 1 + 4. Suppose -77 = -o*j - 17. Let f(c) = -c**2 - 11*c - 7. Calculate the remainder when f(-6) is divided by j.
11
Let h(l) = -l**3 - 7*l**2 + 8*l - 3. Let y be h(-8). Let b be -1 - y*1 - 0. Suppose b*f = 18 + 16. What is the remainder when 50 is divided by f?
16
Suppose l + 104 = 3*l. What is the remainder when l is divided by 28?
24
Let p(w) = -w**2 + w + 3. Let s be p(0). Suppose 0 = 4*d - x - 31, s*d - 4*x - 18 = -5*x. What is the remainder when 19 is divided by d?
5
Let h = -2 + 31. Calculate the remainder when 171 is divided by h.
26
Let l(k) = -k**2 + 8*k + 5. Let g be (33/(-6))/(2/4). Let y = g + 19. What is the remainder when l(y) is divided by 2?
1
Let f(c) = 8*c**3 - 12*c**2 + 2*c + 12. Let q(a) = -7*a**3 + 12*a**2 - 3*a - 11. Let m(i) = 6*f(i) + 7*q(i). What is the remainder when m(11) is divided by 9?
8
Let y(b) = b**2 + 13*b - 9. Let z = 3 + -1. What is the remainder when y(-14) is divided by z?
1
Suppose -3*y + 292 = y. What is the remainder when y is divided by (-82)/533 +